{"id":6806,"date":"2021-05-15T03:19:43","date_gmt":"2021-05-15T03:19:43","guid":{"rendered":"https:\/\/traumasolutions.pe\/tienda\/?post_type=product&#038;p=6806"},"modified":"2024-07-30T20:45:27","modified_gmt":"2024-07-30T20:45:27","slug":"soporte-para-espalda","status":"publish","type":"product","link":"https:\/\/traumasolutions.pe\/tienda\/producto\/soporte-para-espalda\/","title":{"rendered":"Faja para espalda"},"content":{"rendered":"","protected":false},"excerpt":{"rendered":"<p>El Soporte de Espalda Incrediwear reduce la inflamaci\u00f3n, alivia el dolor y el malestar, y acelera la recuperaci\u00f3n de lesiones y condiciones lumbares. El soporte para la espalda se puede usar durante y despu\u00e9s de la actividad para proporcionar apoyo ajustable y alivio del dolor despu\u00e9s de la actividad.<\/p>\n<p>Para obtener los mejores resultados, use el\u00a0<a href=\"https:\/\/incrediwear.com\/products\/incrediwear-back-brace\">soporte<\/a>\u00a0para\u00a0la\u00a0<a href=\"https:\/\/incrediwear.com\/products\/incrediwear-back-brace\">espalda<\/a>\u00a0para aliviar los s\u00edntomas asociados con:<\/p>\n<ul>\n<li>Dolor lumbar<\/li>\n<li>Dolor de espalda<\/li>\n<li>Lesiones de disco<\/li>\n<li>Nervios pellizcados<\/li>\n<\/ul>\n","protected":false},"featured_media":6931,"comment_status":"open","ping_status":"closed","template":"","meta":{"_acf_changed":false,"inline_featured_image":false,"_joinchat":[]},"product_brand":[],"product_cat":[180,185,171],"product_tag":[164,193],"class_list":{"0":"post-6806","1":"product","2":"type-product","3":"status-publish","4":"has-post-thumbnail","6":"product_cat-espalda","7":"product_cat-incrediwear","8":"product_cat-parte-superior-del-cuerpo","9":"product_tag-incrediwear","10":"product_tag-soporte-de-espalda","12":"first","13":"instock","14":"shipping-taxable","15":"purchasable","16":"product-type-variable"},"acf":[],"yoast_head":"<!-- This site is optimized with the Yoast SEO plugin v27.2 - https:\/\/yoast.com\/product\/yoast-seo-wordpress\/ -->\n<title>Faja para espalda - Trauma Solutions<\/title>\n<meta name=\"robots\" content=\"index, follow, max-snippet:-1, max-image-preview:large, max-video-preview:-1\" \/>\n<link rel=\"canonical\" href=\"https:\/\/traumasolutions.pe\/tienda\/producto\/soporte-para-espalda\/\" \/>\n<meta property=\"og:locale\" content=\"es_ES\" \/>\n<meta property=\"og:type\" content=\"article\" \/>\n<meta property=\"og:title\" content=\"Faja para espalda - Trauma Solutions\" \/>\n<meta property=\"og:description\" content=\"El Soporte de Espalda Incrediwear reduce la inflamaci\u00f3n, alivia el dolor y el malestar, y acelera la recuperaci\u00f3n de lesiones y condiciones lumbares. El soporte para la espalda se puede usar durante y despu\u00e9s de la actividad para proporcionar apoyo ajustable y alivio del dolor despu\u00e9s de la actividad.  Para obtener los mejores resultados, use el\u00a0soporte\u00a0para\u00a0la\u00a0espalda\u00a0para aliviar los s\u00edntomas asociados con:   Dolor lumbar  Dolor de espalda  Lesiones de disco  Nervios pellizcados\" \/>\n<meta property=\"og:url\" content=\"https:\/\/traumasolutions.pe\/tienda\/producto\/soporte-para-espalda\/\" \/>\n<meta property=\"og:site_name\" content=\"Trauma Solutions\" \/>\n<meta property=\"article:modified_time\" content=\"2024-07-30T20:45:27+00:00\" \/>\n<meta property=\"og:image\" content=\"https:\/\/traumasolutions.pe\/tienda\/wp-content\/uploads\/2020\/02\/SOPORTE-DE-ESPALDA-NEGRO-1.jpg\" \/>\n\t<meta property=\"og:image:width\" content=\"2000\" \/>\n\t<meta property=\"og:image:height\" content=\"2000\" \/>\n\t<meta property=\"og:image:type\" content=\"image\/jpeg\" \/>\n<meta name=\"twitter:card\" content=\"summary_large_image\" \/>\n<script type=\"application\/ld+json\" class=\"yoast-schema-graph\">{\"@context\":\"https:\/\/schema.org\",\"@graph\":[{\"@type\":\"WebPage\",\"@id\":\"https:\/\/traumasolutions.pe\/tienda\/producto\/soporte-para-espalda\/\",\"url\":\"https:\/\/traumasolutions.pe\/tienda\/producto\/soporte-para-espalda\/\",\"name\":\"Faja para espalda - Trauma Solutions\",\"isPartOf\":{\"@id\":\"https:\/\/traumasolutions.pe\/tienda\/#website\"},\"primaryImageOfPage\":{\"@id\":\"https:\/\/traumasolutions.pe\/tienda\/producto\/soporte-para-espalda\/#primaryimage\"},\"image\":{\"@id\":\"https:\/\/traumasolutions.pe\/tienda\/producto\/soporte-para-espalda\/#primaryimage\"},\"thumbnailUrl\":\"https:\/\/traumasolutions.pe\/tienda\/wp-content\/uploads\/2020\/02\/SOPORTE-DE-ESPALDA-NEGRO-1.jpg\",\"datePublished\":\"2021-05-15T03:19:43+00:00\",\"dateModified\":\"2024-07-30T20:45:27+00:00\",\"breadcrumb\":{\"@id\":\"https:\/\/traumasolutions.pe\/tienda\/producto\/soporte-para-espalda\/#breadcrumb\"},\"inLanguage\":\"es\",\"potentialAction\":[{\"@type\":\"ReadAction\",\"target\":[\"https:\/\/traumasolutions.pe\/tienda\/producto\/soporte-para-espalda\/\"]}]},{\"@type\":\"ImageObject\",\"inLanguage\":\"es\",\"@id\":\"https:\/\/traumasolutions.pe\/tienda\/producto\/soporte-para-espalda\/#primaryimage\",\"url\":\"https:\/\/traumasolutions.pe\/tienda\/wp-content\/uploads\/2020\/02\/SOPORTE-DE-ESPALDA-NEGRO-1.jpg\",\"contentUrl\":\"https:\/\/traumasolutions.pe\/tienda\/wp-content\/uploads\/2020\/02\/SOPORTE-DE-ESPALDA-NEGRO-1.jpg\",\"width\":2000,\"height\":2000,\"caption\":\"Manga de espalda, soporte de espalda\"},{\"@type\":\"BreadcrumbList\",\"@id\":\"https:\/\/traumasolutions.pe\/tienda\/producto\/soporte-para-espalda\/#breadcrumb\",\"itemListElement\":[{\"@type\":\"ListItem\",\"position\":1,\"name\":\"Portada\",\"item\":\"https:\/\/traumasolutions.pe\/tienda\/\"},{\"@type\":\"ListItem\",\"position\":2,\"name\":\"Shop\",\"item\":\"https:\/\/traumasolutions.pe\/tienda\/shop\/\"},{\"@type\":\"ListItem\",\"position\":3,\"name\":\"Faja para espalda\"}]},{\"@type\":\"WebSite\",\"@id\":\"https:\/\/traumasolutions.pe\/tienda\/#website\",\"url\":\"https:\/\/traumasolutions.pe\/tienda\/\",\"name\":\"Trauma Solutions\",\"description\":\"Sitio Web Oficial\",\"potentialAction\":[{\"@type\":\"SearchAction\",\"target\":{\"@type\":\"EntryPoint\",\"urlTemplate\":\"https:\/\/traumasolutions.pe\/tienda\/?s={search_term_string}\"},\"query-input\":{\"@type\":\"PropertyValueSpecification\",\"valueRequired\":true,\"valueName\":\"search_term_string\"}}],\"inLanguage\":\"es\"}]}<\/script>\n<!-- \/ Yoast SEO plugin. -->","yoast_head_json":{"title":"Faja para espalda - Trauma Solutions","robots":{"index":"index","follow":"follow","max-snippet":"max-snippet:-1","max-image-preview":"max-image-preview:large","max-video-preview":"max-video-preview:-1"},"canonical":"https:\/\/traumasolutions.pe\/tienda\/producto\/soporte-para-espalda\/","og_locale":"es_ES","og_type":"article","og_title":"Faja para espalda - Trauma Solutions","og_description":"El Soporte de Espalda Incrediwear reduce la inflamaci\u00f3n, alivia el dolor y el malestar, y acelera la recuperaci\u00f3n de lesiones y condiciones lumbares. El soporte para la espalda se puede usar durante y despu\u00e9s de la actividad para proporcionar apoyo ajustable y alivio del dolor despu\u00e9s de la actividad.  Para obtener los mejores resultados, use el\u00a0soporte\u00a0para\u00a0la\u00a0espalda\u00a0para aliviar los s\u00edntomas asociados con:   Dolor lumbar  Dolor de espalda  Lesiones de disco  Nervios pellizcados","og_url":"https:\/\/traumasolutions.pe\/tienda\/producto\/soporte-para-espalda\/","og_site_name":"Trauma Solutions","article_modified_time":"2024-07-30T20:45:27+00:00","og_image":[{"width":2000,"height":2000,"url":"https:\/\/traumasolutions.pe\/tienda\/wp-content\/uploads\/2020\/02\/SOPORTE-DE-ESPALDA-NEGRO-1.jpg","type":"image\/jpeg"}],"twitter_card":"summary_large_image","schema":{"@context":"https:\/\/schema.org","@graph":[{"@type":"WebPage","@id":"https:\/\/traumasolutions.pe\/tienda\/producto\/soporte-para-espalda\/","url":"https:\/\/traumasolutions.pe\/tienda\/producto\/soporte-para-espalda\/","name":"Faja para espalda - Trauma Solutions","isPartOf":{"@id":"https:\/\/traumasolutions.pe\/tienda\/#website"},"primaryImageOfPage":{"@id":"https:\/\/traumasolutions.pe\/tienda\/producto\/soporte-para-espalda\/#primaryimage"},"image":{"@id":"https:\/\/traumasolutions.pe\/tienda\/producto\/soporte-para-espalda\/#primaryimage"},"thumbnailUrl":"https:\/\/traumasolutions.pe\/tienda\/wp-content\/uploads\/2020\/02\/SOPORTE-DE-ESPALDA-NEGRO-1.jpg","datePublished":"2021-05-15T03:19:43+00:00","dateModified":"2024-07-30T20:45:27+00:00","breadcrumb":{"@id":"https:\/\/traumasolutions.pe\/tienda\/producto\/soporte-para-espalda\/#breadcrumb"},"inLanguage":"es","potentialAction":[{"@type":"ReadAction","target":["https:\/\/traumasolutions.pe\/tienda\/producto\/soporte-para-espalda\/"]}]},{"@type":"ImageObject","inLanguage":"es","@id":"https:\/\/traumasolutions.pe\/tienda\/producto\/soporte-para-espalda\/#primaryimage","url":"https:\/\/traumasolutions.pe\/tienda\/wp-content\/uploads\/2020\/02\/SOPORTE-DE-ESPALDA-NEGRO-1.jpg","contentUrl":"https:\/\/traumasolutions.pe\/tienda\/wp-content\/uploads\/2020\/02\/SOPORTE-DE-ESPALDA-NEGRO-1.jpg","width":2000,"height":2000,"caption":"Manga de espalda, soporte de espalda"},{"@type":"BreadcrumbList","@id":"https:\/\/traumasolutions.pe\/tienda\/producto\/soporte-para-espalda\/#breadcrumb","itemListElement":[{"@type":"ListItem","position":1,"name":"Portada","item":"https:\/\/traumasolutions.pe\/tienda\/"},{"@type":"ListItem","position":2,"name":"Shop","item":"https:\/\/traumasolutions.pe\/tienda\/shop\/"},{"@type":"ListItem","position":3,"name":"Faja para espalda"}]},{"@type":"WebSite","@id":"https:\/\/traumasolutions.pe\/tienda\/#website","url":"https:\/\/traumasolutions.pe\/tienda\/","name":"Trauma Solutions","description":"Sitio Web Oficial","potentialAction":[{"@type":"SearchAction","target":{"@type":"EntryPoint","urlTemplate":"https:\/\/traumasolutions.pe\/tienda\/?s={search_term_string}"},"query-input":{"@type":"PropertyValueSpecification","valueRequired":true,"valueName":"search_term_string"}}],"inLanguage":"es"}]}},"_links":{"self":[{"href":"https:\/\/traumasolutions.pe\/tienda\/wp-json\/wp\/v2\/product\/6806","targetHints":{"allow":["GET"]}}],"collection":[{"href":"https:\/\/traumasolutions.pe\/tienda\/wp-json\/wp\/v2\/product"}],"about":[{"href":"https:\/\/traumasolutions.pe\/tienda\/wp-json\/wp\/v2\/types\/product"}],"replies":[{"embeddable":true,"href":"https:\/\/traumasolutions.pe\/tienda\/wp-json\/wp\/v2\/comments?post=6806"}],"version-history":[{"count":8,"href":"https:\/\/traumasolutions.pe\/tienda\/wp-json\/wp\/v2\/product\/6806\/revisions"}],"predecessor-version":[{"id":8453,"href":"https:\/\/traumasolutions.pe\/tienda\/wp-json\/wp\/v2\/product\/6806\/revisions\/8453"}],"wp:featuredmedia":[{"embeddable":true,"href":"https:\/\/traumasolutions.pe\/tienda\/wp-json\/wp\/v2\/media\/6931"}],"wp:attachment":[{"href":"https:\/\/traumasolutions.pe\/tienda\/wp-json\/wp\/v2\/media?parent=6806"}],"wp:term":[{"taxonomy":"product_brand","embeddable":true,"href":"https:\/\/traumasolutions.pe\/tienda\/wp-json\/wp\/v2\/product_brand?post=6806"},{"taxonomy":"product_cat","embeddable":true,"href":"https:\/\/traumasolutions.pe\/tienda\/wp-json\/wp\/v2\/product_cat?post=6806"},{"taxonomy":"product_tag","embeddable":true,"href":"https:\/\/traumasolutions.pe\/tienda\/wp-json\/wp\/v2\/product_tag?post=6806"}],"curies":[{"name":"wp","href":"https:\/\/api.w.org\/{rel}","templated":true}]}}